44?
True
Is 938531 a multiple of 451?
True
Is 137500 a multiple of 11?
True
Does 375 divide 3003750?
True
Is 28231 a multiple of 37?
True
Does 10 divide 273619?
False
Is 20322 a multiple of 11?
False
Is 10 a factor of 608140?
True
Is 266 a factor of 1328805?
False
Is 131 a factor of 627228?
True
Is 279 a factor of 1233612?
False
Is 25 a factor of 2305569?
False
Does 94 divide 234710?
False
Does 295 divide 577392?
False
Is 45 a factor of 19024470?
True
Is 41 a factor of 84696?
False
Does 80 divide 3867520?
True
Is 113004 a multiple of 12?
True
Is 282 a factor of 1647218?
False
Is 184528 a multiple of 38?
True
Is 732353 a multiple of 5?
False
Is 11 a factor of 236994?
False
Is 3 a factor of 963840?
True
Does 8 divide 21480?
True
Is 375121 a multiple of 117?
False
Is 361 a factor of 3488567?
False
Is 1113795 a multiple of 467?
True
Does 355 divide 41509?
False
Is 211 a factor of 5266771?
True
Is 917532 a multiple of 231?
True
Is 1290 even?
True
Is 579 a factor of 232179?
True
Is 58460 a multiple of 85?
False
Is 194 a factor of 43521?
False
Does 8 divide 308723?
False
Is 193250 a multiple of 5?
True
Is 143440 a multiple of 80?
True
Does 24 divide 1740299?
False
Is 474084 a multiple of 13?
True
Is 75 a factor of 7638525?
True
Does 1283 divide 482394?
False
Is 320780 a multiple of 390?
False
Does 389 divide 96083?
True
Is 77 a factor of 1452759?
True
Is 232 a factor of 108425?
False
Is 157949 a multiple of 83?
True
Does 485 divide 86815?
True
Does 27 divide 77193?
True
Is 161546 a multiple of 14?
True
Is 3454807 a multiple of 19?
False
Is 415 a factor of 605564?
False
Is 57 a factor of 88578?
True
Is 256711 a multiple of 91?
True
Does 14 divide 4110807?
False
Is 924293 a multiple of 454?
False
Is 11 a factor of 105512?
True
Is 277 a factor of 9409667?
False
Is 16 a factor of 1173968?
True
Is 82295 a multiple of 42?
False
Is 240996 a multiple of 53?
False
Does 13 divide 627006?
False
Is 62 a factor of 1409699?
False
Is 159580 a multiple of 79?
True
Does 25 divide 118950?
True
Does 8 divide 23397?
False
Is 1003968 a multiple of 83?
True
Is 56 a factor of 53771?
False
Is 16938 a multiple of 2?
True
Is 18 a factor of 6378?
False
Is 32 a factor of 21754953?
False
Does 6 divide 78660?
True
Is 98 a factor of 600574?
False
Is 1182 a factor of 315413?
False
Does 19 divide 189392?
True
Does 17 divide 31042?
True
Does 12 divide 7189776?
True
Does 16 divide 104715?
False
Is 52 a factor of 517758?
False
Does 11 divide 889905?
False
Does 831 divide 8319111?
False
Does 15 divide 42555?
True
Is 1824279 a multiple of 121?
False
Is 16674 a multiple of 42?
True
Is 5674636 a multiple of 22?
True
Is 9 a factor of 1865400?
False
Does 30 divide 953366?
False
Is 54 a factor of 244028?
False
Is 697080 a multiple of 148?
True
Is 18 a factor of 156091?
False
Is 650960 a multiple of 395?
True
Is 133157 a multiple of 69?
False
Is 1977885 a multiple of 735?
True
Is 4 a factor of 2969?
False
Is 4094711 a multiple of 2041?
False
Is 31403 a multiple of 177?
False
Does 128 divide 904138?
False
Does 418 divide 6030830?
False
Does 526 divide 1539076?
True
Does 14 divide 29601?
False
Does 257 divide 96632?
True
Is 15 a factor of 626941?
False
Is 808123 a multiple of 15?
False
Does 37 divide 6254597?
False
Does 187 divide 512825?
False
Does 49 divide 15180?
False
Is 59 a factor of 2978733?
True
Is 226785 a multiple of 10?
False
Is 1960 a factor of 9360960?
True
Is 240 a factor of 125375?
False
Does 391 divide 4351439?
True
Does 124 divide 59892?
True
Is 10 a factor of 3465244?
False
Does 360 divide 830160?
True
Is 126104 a multiple of 22?
True
Is 438750 a multiple of 195?
True
Is 34 a factor of 1080974?
False
Does 54 divide 12576870?
True
Is 51108 a multiple of 14?
False
Is 3746970 a multiple of 474?
True
Does 89 divide 825746?
False
Does 26 divide 13780?
True
Is 604971 a multiple of 25?
False
Is 3432174 a multiple of 159?
True
Does 17 divide 3701489?
False
Is 157 a factor of 69557?
False
Is 235312 a multiple of 308?
True
Is 1791371 a multiple of 248?
False
Is 646 a factor of 1291?
False
Is 101721 a multiple of 61?
False
Does 32 divide 690876?
False
Is 834271 a multiple of 43?
False
Is 15668399 a multiple of 2321?
False
Does 250 divide 426791?
False
Is 65 a factor of 12740?
True
Is 695 a factor of 353060?
True
Is 655 a factor of 357357?
False
Does 14 divide 402897?
False
Is 18485814 a multiple of 34?
False
Does 23 divide 24281307?
True
Is 32 a factor of 96352?
True
Does 86 divide 8879690?
False
Is 13297 a multiple of 21?
False
Is 425304 a multiple of 72?
True
Does 9 divide 53290?
False
Is 4 a factor of 21847?
False
Is 25 a factor of 2619485?
False
Is 76 a factor of 770488?
True
Is 658107 a multiple of 881?
True
Is 1021726 a multiple of 123?
False
Does 12 divide 696228?
True
Does 27 divide 125701?
False
Is 118 a factor of 1059404?
True
Is 185 a factor of 114701?
False
Is 426529 a multiple of 9?
False
Is 171 a factor of 183185?
False
Does 61 divide 387655?
True
Is 12 a factor of 957483?
False
Is 567 a factor of 4016628?
True
Is 1170498 a multiple of 31?
True
Is 745621 a multiple of 162?
False
Does 87 divide 1654853?
False
Is 11 a factor of 1715791?
True
Is 71 a factor of 493521?
True
Does 84 divide 385582?
False
Does 27 divide 388370?
False
Does 205 divide 24805?
True
Is 4362830 a multiple of 16?
False
Does 15 divide 873375?
True
Is 31822 a multiple of 17?
False
Is 13 a factor of 767652?
False
Is 649207 a multiple of 45?
False
Does 10 divide 275300?
True
Is 45 a factor of 804465?
True
Is 727787 a multiple of 36?
False
Is 206333 a multiple of 5?
False
Does 38 divide 261250?
True
Is 11 a factor of 188892?
True
Is 9 a factor of 388854?
True
Is 969 even?
False
Is 15 a factor of 260790?
True
Does 9 divide 14443047?
True
Is 51 a factor of 146370?
True
Is 314846 even?
True
Does 6 divide 14617?
False
Is 120 a factor of 131640?
True
Is 267486 a multiple of 409?
True
Is 257 a factor of 877008?
False
Does 563 divide 1068500?
False
Is 240 a factor of 9600?
True
Does 26 divide 67016?
False
Is 9 a factor of 2322036?
True
Is 160 a factor of 359520?
True
Does 106 divide 1525413?
False
Does 8 divide 1291361?
False
Is 12084032 a multiple of 16?
True
Is 4 a factor of 618744?
True
Is 127 a factor of 8159623?
True
Is 12 a factor of 449430?
False
Is 21 a factor of 259938?
True
Is 525 a factor of 5733566?
False
Is 379 a factor of 1542399?
False
Does 65 divide 1070142?
False
Is 47842 even?
True
Does 26 divide 445892?
False
Does 132 divide 446556?
True
Does 378 divide 14742777?
False
Is 100434 a multiple of 19?
True
Is 15 a factor of 338715?
True
Is 379 a factor of 129167?
False
Does 411 divide 7874149?
False
Is 2 a factor of 3254?
True
Is 790630 a multiple of 15?
False
Does 4 divide 1112428?
True
Is 34 a factor of 2093101?
False
Is 317914 a multiple of 166?
False
Does 7 divide 77374?
False
Does 365 divide 341381?
False
Does 48 divide 345290?
False
Is 288 a factor of 101376?
True
Does 10 divide 4119335?
False
Does 1888 divide 15804448?
True
Is 271 a factor of 1625886?
False
Does 35 divide 34510?
True
Is 54960 a multiple of 229?
True
Is 35 a factor of 7564025?
True
Is 3070732 a multiple of 46?
False
Is 312497 a multiple of 137?
True
Is 4 a factor of 810688?
True
Does 26 divide 17108442?
True
Is 114240 a multiple of 96?
True
Is 272 a factor of 67241?
False
Is 88 a factor of 2265025?
False
Is 26 a factor of 20648?
False
Is 451 a factor of 4566375?
True
Is 138839 a multiple of 17?
True
Does 215 divide 5906695?
True
Is 9781504 a multiple of 16?
True
Is 556863 a multiple of 349?
False
Is 67 a factor of 104933?
False
Is 36 a factor of 467856?
True
Is 282709 a multiple of 8?
False
Is 5835373 a multiple of 637?
False
Does 25 divide 56906?
False
Does 61 divide 221007?
False
Does 3 divide 70782?
True
Is 1579695 a multiple of 16?
False
Is 193815 a multiple of 45?
True
Is 17410752 a multiple of 96?
True
Is 214336 a multiple of 17?
True
Does 18 divide 161154?
True
Is 117 a factor of 729027?
True
Does 3 divide 2889484?
False
Is 191862 a multiple of 323?
True
Is 1696 a factor of 8697088?
True
Is 149 a factor of 2603221?
False
Is 2877465 a multiple of 7?
False
Is 538 a factor of 952299?
False
Does 87 divide 143724?
True
Is 37284 a multiple of 39?
True
Does 277 divide 104086?
False
Does 146 divide 1723092?
True
Is 3964479 a m